{"id":4256,"date":"2024-05-10T11:28:44","date_gmt":"2024-05-10T09:28:44","guid":{"rendered":"https:\/\/www.feuerwehr-burgau.de\/?page_id=4256"},"modified":"2024-05-10T11:36:13","modified_gmt":"2024-05-10T09:36:13","slug":"teleskoplader","status":"publish","type":"page","link":"https:\/\/www.feuerwehr-burgau.de\/index.php\/ausruestung\/fahrzeuge\/teleskoplader\/","title":{"rendered":"Teleskoplader"},"content":{"rendered":"\n<figure class=\"wp-block-image size-large\"><img loading=\"lazy\" decoding=\"async\" width=\"1024\" height=\"721\" src=\"https:\/\/www.feuerwehr-burgau.de\/wp-content\/uploads\/2024\/05\/20240510_104656-scaled-e1715332752742-1024x721.jpg\" alt=\"\" class=\"wp-image-4252\" srcset=\"https:\/\/www.feuerwehr-burgau.de\/wp-content\/uploads\/2024\/05\/20240510_104656-scaled-e1715332752742-1024x721.jpg 1024w, https:\/\/www.feuerwehr-burgau.de\/wp-content\/uploads\/2024\/05\/20240510_104656-scaled-e1715332752742-300x211.jpg 300w, https:\/\/www.feuerwehr-burgau.de\/wp-content\/uploads\/2024\/05\/20240510_104656-scaled-e1715332752742-768x541.jpg 768w, https:\/\/www.feuerwehr-burgau.de\/wp-content\/uploads\/2024\/05\/20240510_104656-scaled-e1715332752742-1536x1082.jpg 1536w, https:\/\/www.feuerwehr-burgau.de\/wp-content\/uploads\/2024\/05\/20240510_104656-scaled-e1715332752742-2048x1442.jpg 2048w\" sizes=\"auto, (max-width: 1024px) 100vw, 1024px\" \/><\/figure>\n\n\n<span id=\"tablepress-43-description\" class=\"tablepress-table-description tablepress-table-description-id-43\">Der Teleskoplader dient der Logistik im Ger\u00e4tehaus, er wurde 2024 gebraucht und mit Unterst\u00fctzung einiger ortsans\u00e4ssiger Firmen beschafft. Er deckt verschiedene Einsatzszenarien ab, z.B. beim Entladen von verunfallten LKW oder bei Hochwasserlagen zum Sandsacktransport.<\/span>\n\n<table id=\"tablepress-43\" class=\"tablepress tablepress-id-43\" aria-describedby=\"tablepress-43-description\">\n<tbody>\n<tr class=\"row-1\">\n\t<td class=\"column-1\">Baujahr<\/td><td class=\"column-2\">2020<\/td>\n<\/tr>\n<tr class=\"row-2\">\n\t<td class=\"column-1\">Fahrgestell<\/td><td class=\"column-2\">Manitou MLT 625-75 H<\/td>\n<\/tr>\n<tr class=\"row-3\">\n\t<td class=\"column-1\">Arbeitsh\u00f6he<\/td><td class=\"column-2\">max. 5,50 m<\/td>\n<\/tr>\n<tr class=\"row-4\">\n\t<td class=\"column-1\">Gewicht<\/td><td class=\"column-2\">2,5 t<\/td>\n<\/tr>\n<tr class=\"row-5\">\n\t<td class=\"column-1\">Anbauger\u00e4te<\/td><td class=\"column-2\">Palettengabel<br \/>\nSch\u00fcttgutschaufel<br \/>\nArbeitskorb<\/td>\n<\/tr>\n<tr class=\"row-6\">\n\t<td class=\"column-1\">Spezifikationen<\/td><td class=\"column-2\">zwei Lenkachsen<br \/>\n20 km\/h Zulassung<br \/>\nBlaulicht<\/td>\n<\/tr>\n<\/tbody>\n<\/table>\n<!-- #tablepress-43 from cache -->\n\n\n\n<p><\/p>\n","protected":false},"excerpt":{"rendered":"","protected":false},"author":7,"featured_media":0,"parent":36,"menu_order":0,"comment_status":"closed","ping_status":"closed","template":"","meta":{"colormag_page_container_layout":"no_sidebar_full_width","colormag_page_sidebar_layout":"right_sidebar","footnotes":""},"class_list":["post-4256","page","type-page","status-publish","hentry"],"_links":{"self":[{"href":"https:\/\/www.feuerwehr-burgau.de\/index.php\/wp-json\/wp\/v2\/pages\/4256","targetHints":{"allow":["GET"]}}],"collection":[{"href":"https:\/\/www.feuerwehr-burgau.de\/index.php\/wp-json\/wp\/v2\/pages"}],"about":[{"href":"https:\/\/www.feuerwehr-burgau.de\/index.php\/wp-json\/wp\/v2\/types\/page"}],"author":[{"embeddable":true,"href":"https:\/\/www.feuerwehr-burgau.de\/index.php\/wp-json\/wp\/v2\/users\/7"}],"replies":[{"embeddable":true,"href":"https:\/\/www.feuerwehr-burgau.de\/index.php\/wp-json\/wp\/v2\/comments?post=4256"}],"version-history":[{"count":1,"href":"https:\/\/www.feuerwehr-burgau.de\/index.php\/wp-json\/wp\/v2\/pages\/4256\/revisions"}],"predecessor-version":[{"id":4257,"href":"https:\/\/www.feuerwehr-burgau.de\/index.php\/wp-json\/wp\/v2\/pages\/4256\/revisions\/4257"}],"up":[{"embeddable":true,"href":"https:\/\/www.feuerwehr-burgau.de\/index.php\/wp-json\/wp\/v2\/pages\/36"}],"wp:attachment":[{"href":"https:\/\/www.feuerwehr-burgau.de\/index.php\/wp-json\/wp\/v2\/media?parent=4256"}],"curies":[{"name":"wp","href":"https:\/\/api.w.org\/{rel}","templated":true}]}}