{"id":4185,"date":"2024-03-14T14:04:19","date_gmt":"2024-03-14T13:04:19","guid":{"rendered":"https:\/\/www.feuerwehr-burgau.de\/?page_id=4185"},"modified":"2025-01-27T15:24:08","modified_gmt":"2025-01-27T14:24:08","slug":"grossanhausen","status":"publish","type":"page","link":"https:\/\/www.feuerwehr-burgau.de\/index.php\/ausruestung\/geraetehaeuser\/grossanhausen\/","title":{"rendered":"Gro\u00dfanhausen"},"content":{"rendered":"\n<figure class=\"wp-block-image size-large is-resized\"><img loading=\"lazy\" decoding=\"async\" width=\"1024\" height=\"783\" src=\"https:\/\/www.feuerwehr-burgau.de\/wp-content\/uploads\/2024\/03\/20240314_165239-scaled-e1710438643395-1024x783.jpg\" alt=\"\" class=\"wp-image-4207\" style=\"width:799px;height:auto\" srcset=\"https:\/\/www.feuerwehr-burgau.de\/wp-content\/uploads\/2024\/03\/20240314_165239-scaled-e1710438643395-1024x783.jpg 1024w, https:\/\/www.feuerwehr-burgau.de\/wp-content\/uploads\/2024\/03\/20240314_165239-scaled-e1710438643395-300x230.jpg 300w, https:\/\/www.feuerwehr-burgau.de\/wp-content\/uploads\/2024\/03\/20240314_165239-scaled-e1710438643395-768x588.jpg 768w, https:\/\/www.feuerwehr-burgau.de\/wp-content\/uploads\/2024\/03\/20240314_165239-scaled-e1710438643395-1536x1175.jpg 1536w, https:\/\/www.feuerwehr-burgau.de\/wp-content\/uploads\/2024\/03\/20240314_165239-scaled-e1710438643395.jpg 2030w\" sizes=\"auto, (max-width: 1024px) 100vw, 1024px\" \/><\/figure>\n\n\n\n<p>Nach der Aufl\u00f6sung der eigenst\u00e4ndigen Feuerwehr Gro\u00dfanhausen im Jahr 2013 wurde die Mannschaft samt ihrem Fahrzeug als L\u00f6schgruppe in die Feuerwehr Burgau integriert. Somit fungiert das Feuerwehrger\u00e4tehaus in Gro\u00dfanhausen (Baujahr 1992) seither als ein weiterer Standort der Feuerwehr Burgau, hier sind das <a href=\"https:\/\/www.feuerwehr-burgau.de\/index.php\/ausruestung\/fahrzeuge\/tankkraftspritzenfahrzeug\/\">TSF <\/a>und zuk\u00fcnftig auch der <a href=\"https:\/\/www.feuerwehr-burgau.de\/index.php\/ausruestung\/anhaenger\/geraeteanhaenger\/\" data-type=\"link\" data-id=\"https:\/\/www.feuerwehr-burgau.de\/index.php\/ausruestung\/anhaenger\/geraeteanhaenger\/\">Ger\u00e4teanh\u00e4nger &#8222;L\u00f6schwasserversorgung&#8220;<\/a> stationiert. Die Kameraden werden alarmiert bei Eins\u00e4tzen in ihrem direkten r\u00e4umlichen Zust\u00e4ndigkeitsbereich in und um den Ortsteil Gro\u00dfanhausen und bei Eins\u00e4tzen der Kernstadtwehr ab einem Einsatzstichwort B3\/THL3 (oder h\u00f6her).<\/p>\n","protected":false},"excerpt":{"rendered":"<p>Nach der Aufl\u00f6sung der eigenst\u00e4ndigen Feuerwehr Gro\u00dfanhausen im Jahr 2013 wurde die Mannschaft samt ihrem Fahrzeug als L\u00f6schgruppe in die<\/p>\n","protected":false},"author":7,"featured_media":0,"parent":4195,"menu_order":0,"comment_status":"closed","ping_status":"closed","template":"","meta":{"colormag_page_container_layout":"default_layout","colormag_page_sidebar_layout":"default_layout","footnotes":""},"class_list":["post-4185","page","type-page","status-publish","hentry"],"_links":{"self":[{"href":"https:\/\/www.feuerwehr-burgau.de\/index.php\/wp-json\/wp\/v2\/pages\/4185","targetHints":{"allow":["GET"]}}],"collection":[{"href":"https:\/\/www.feuerwehr-burgau.de\/index.php\/wp-json\/wp\/v2\/pages"}],"about":[{"href":"https:\/\/www.feuerwehr-burgau.de\/index.php\/wp-json\/wp\/v2\/types\/page"}],"author":[{"embeddable":true,"href":"https:\/\/www.feuerwehr-burgau.de\/index.php\/wp-json\/wp\/v2\/users\/7"}],"replies":[{"embeddable":true,"href":"https:\/\/www.feuerwehr-burgau.de\/index.php\/wp-json\/wp\/v2\/comments?post=4185"}],"version-history":[{"count":3,"href":"https:\/\/www.feuerwehr-burgau.de\/index.php\/wp-json\/wp\/v2\/pages\/4185\/revisions"}],"predecessor-version":[{"id":4748,"href":"https:\/\/www.feuerwehr-burgau.de\/index.php\/wp-json\/wp\/v2\/pages\/4185\/revisions\/4748"}],"up":[{"embeddable":true,"href":"https:\/\/www.feuerwehr-burgau.de\/index.php\/wp-json\/wp\/v2\/pages\/4195"}],"wp:attachment":[{"href":"https:\/\/www.feuerwehr-burgau.de\/index.php\/wp-json\/wp\/v2\/media?parent=4185"}],"curies":[{"name":"wp","href":"https:\/\/api.w.org\/{rel}","templated":true}]}}

Großanhausen

<figure class="wp-block-image size-large is-resized"><img loading="lazy" decoding="async" width="1024" height="783" src="https://www.feuerwehr-burgau.de/wp-content/uploads/2024/03/20240314_165239-scaled-e1710438643395-1024x783.jpg" alt="" class="wp-image-4207" style="width:799px;height:auto" srcset="https://www.feuerwehr-burgau.de/wp-content/uploads/2024/03/20240314_165239-scaled-e1710438643395-1024x783.jpg 1024w, https://www.feuerwehr-burgau.de/wp-content/uploads/2024/03/20240314_165239-scaled-e1710438643395-300x230.jpg 300w, https://www.feuerwehr-burgau.de/wp-content/uploads/2024/03/20240314_165239-scaled-e1710438643395-768x588.jpg 768w, https://www.feuerwehr-burgau.de/wp-content/uploads/2024/03/20240314_165239-scaled-e1710438643395-1536x1175.jpg 1536w, https://www.feuerwehr-burgau.de/wp-content/uploads/2024/03/20240314_165239-scaled-e1710438643395.jpg 2030w" sizes="auto, (max-width: 1024px) 100vw, 1024px" /></figure>



<p>Nach der Auflösung der eigenständigen Feuerwehr Großanhausen im Jahr 2013 wurde die Mannschaft samt ihrem Fahrzeug als Löschgruppe in die Feuerwehr Burgau integriert. Somit fungiert das Feuerwehrgerätehaus in Großanhausen (Baujahr 1992) seither als ein weiterer Standort der Feuerwehr Burgau, hier sind das <a href="https://www.feuerwehr-burgau.de/index.php/ausruestung/fahrzeuge/tankkraftspritzenfahrzeug/">TSF </a>und zukünftig auch der <a href="https://www.feuerwehr-burgau.de/index.php/ausruestung/anhaenger/geraeteanhaenger/" data-type="link" data-id="https://www.feuerwehr-burgau.de/index.php/ausruestung/anhaenger/geraeteanhaenger/">Geräteanhänger &#8222;Löschwasserversorgung&#8220;</a> stationiert. Die Kameraden werden alarmiert bei Einsätzen in ihrem direkten räumlichen Zuständigkeitsbereich in und um den Ortsteil Großanhausen und bei Einsätzen der Kernstadtwehr ab einem Einsatzstichwort B3/THL3 (oder höher).</p>

<p>Nach der Auflösung der eigenständigen Feuerwehr Großanhausen im Jahr 2013 wurde die Mannschaft samt ihrem Fahrzeug als Löschgruppe in die</p>
