{"id":377,"date":"2018-11-29T17:11:00","date_gmt":"2018-11-29T16:11:00","guid":{"rendered":"https:\/\/www.feuerwehr-burgau.de\/wordpress\/?page_id=377"},"modified":"2024-10-02T14:27:43","modified_gmt":"2024-10-02T12:27:43","slug":"ab-aufenthalt-fuehrung","status":"publish","type":"page","link":"https:\/\/www.feuerwehr-burgau.de\/index.php\/ausruestung\/abrollbehaelter\/ab-aufenthalt-fuehrung\/","title":{"rendered":"AB Aufenthalt\/F\u00fchrung"},"content":{"rendered":"<div id=\"metaslider-id-4504\" style=\"width: 100%; margin: 0 auto;\" class=\"ml-slider-3-107-0 metaslider metaslider-flex metaslider-4504 ml-slider has-dots-nav ms-theme-default\" role=\"region\" aria-label=\"AB Aufenthalt\" data-height=\"400\" data-width=\"700\">\n    <div id=\"metaslider_container_4504\">\n        <div id=\"metaslider_4504\">\n            <ul class='slides'>\n                <li style=\"display: block; width: 100%;\" class=\"slide-4505 ms-image \" aria-roledescription=\"slide\" data-date=\"2024-10-02 14:23:47\" data-filename=\"DSCN4564-e1546277452821.jpg\" data-slide-type=\"image\"><img loading=\"lazy\" decoding=\"async\" width=\"2000\" height=\"1500\" src=\"https:\/\/www.feuerwehr-burgau.de\/wp-content\/uploads\/2018\/12\/DSCN4564-e1546277452821.jpg\" class=\"slider-4504 slide-4505 msDefaultImage\" alt=\"\" rel=\"\" title=\"AB Aufenthalt 1.2\" style=\"margin: 0 auto; width: 76.190476190476%\" \/><\/li>\n                <li style=\"display: none; width: 100%;\" class=\"slide-4506 ms-image \" aria-roledescription=\"slide\" data-date=\"2024-10-02 14:23:48\" data-filename=\"DSCN4559-e1546277436251.jpg\" data-slide-type=\"image\"><img loading=\"lazy\" decoding=\"async\" width=\"2000\" height=\"1500\" src=\"https:\/\/www.feuerwehr-burgau.de\/wp-content\/uploads\/2018\/12\/DSCN4559-e1546277436251.jpg\" class=\"slider-4504 slide-4506 msDefaultImage\" alt=\"\" rel=\"\" title=\"AB Aufenthalt 1.1\" style=\"margin: 0 auto; width: 76.190476190476%\" \/><\/li>\n                <li style=\"display: none; width: 100%;\" class=\"slide-4507 ms-image \" aria-roledescription=\"slide\" data-date=\"2024-10-02 14:23:48\" data-filename=\"DSCN4571-e1546277406265.jpg\" data-slide-type=\"image\"><img loading=\"lazy\" decoding=\"async\" width=\"2000\" height=\"2667\" src=\"https:\/\/www.feuerwehr-burgau.de\/wp-content\/uploads\/2018\/12\/DSCN4571-e1546277406265.jpg\" class=\"slider-4504 slide-4507 msDefaultImage\" alt=\"\" rel=\"\" title=\"AB Aufenthalt 1.0\" style=\"margin: 0 auto; width: 42.851786383845%\" \/><\/li>\n                <li style=\"display: none; width: 100%;\" class=\"slide-4508 ms-image \" aria-roledescription=\"slide\" data-date=\"2024-10-02 14:23:49\" data-filename=\"DSCN4568-e1546277469764.jpg\" data-slide-type=\"image\"><img loading=\"lazy\" decoding=\"async\" width=\"2000\" height=\"2667\" src=\"https:\/\/www.feuerwehr-burgau.de\/wp-content\/uploads\/2018\/12\/DSCN4568-e1546277469764.jpg\" class=\"slider-4504 slide-4508 msDefaultImage\" alt=\"\" rel=\"\" title=\"AB Aufenthalt 1.3\" style=\"margin: 0 auto; width: 42.851786383845%\" \/><\/li>\n                <li style=\"display: none; width: 100%;\" class=\"slide-4509 ms-image \" aria-roledescription=\"slide\" data-date=\"2024-10-02 14:23:49\" data-filename=\"DSCN4569-e1546277485465.jpg\" data-slide-type=\"image\"><img loading=\"lazy\" decoding=\"async\" width=\"2000\" height=\"1500\" src=\"https:\/\/www.feuerwehr-burgau.de\/wp-content\/uploads\/2018\/12\/DSCN4569-e1546277485465.jpg\" class=\"slider-4504 slide-4509 msDefaultImage\" alt=\"\" rel=\"\" title=\"AB Aufenthalt 1.4\" style=\"margin: 0 auto; width: 76.190476190476%\" \/><\/li>\n            <\/ul>\n        <\/div>\n        \n    <\/div>\n<\/div>\n\n\n\n\n<table id=\"tablepress-27\" class=\"tablepress tablepress-id-27\">\n<tbody>\n<tr class=\"row-1\">\n\t<td class=\"column-1\">Ausbau<\/td><td class=\"column-2\">FF Burgau<\/td>\n<\/tr>\n<tr class=\"row-2\">\n\t<td class=\"column-1\">Beladung<\/td><td class=\"column-2\">Der AB Aufenthalt\/F\u00fchrung wird zur Personenbetreuung bei gr\u00f6\u00dferen Einsatzlagen oder als Erg\u00e4nzung zum Einsatzleitwagen eingesetzt.<br \/>\n<br \/>\nHierf\u00fcr befindet sich ein 13kVA Aggregat f\u00fcr den Betrieb des Containers (Heizung, Warmwasser, Beleuchtung), eine kleine Teek\u00fcche und ein WC im Container.<\/td>\n<\/tr>\n<\/tbody>\n<\/table>\n\n","protected":false},"excerpt":{"rendered":"","protected":false},"author":2,"featured_media":0,"parent":461,"menu_order":0,"comment_status":"closed","ping_status":"closed","template":"","meta":{"colormag_page_container_layout":"no_sidebar_full_width","colormag_page_sidebar_layout":"right_sidebar","footnotes":""},"class_list":["post-377","page","type-page","status-publish","hentry"],"_links":{"self":[{"href":"https:\/\/www.feuerwehr-burgau.de\/index.php\/wp-json\/wp\/v2\/pages\/377","targetHints":{"allow":["GET"]}}],"collection":[{"href":"https:\/\/www.feuerwehr-burgau.de\/index.php\/wp-json\/wp\/v2\/pages"}],"about":[{"href":"https:\/\/www.feuerwehr-burgau.de\/index.php\/wp-json\/wp\/v2\/types\/page"}],"author":[{"embeddable":true,"href":"https:\/\/www.feuerwehr-burgau.de\/index.php\/wp-json\/wp\/v2\/users\/2"}],"replies":[{"embeddable":true,"href":"https:\/\/www.feuerwehr-burgau.de\/index.php\/wp-json\/wp\/v2\/comments?post=377"}],"version-history":[{"count":4,"href":"https:\/\/www.feuerwehr-burgau.de\/index.php\/wp-json\/wp\/v2\/pages\/377\/revisions"}],"predecessor-version":[{"id":4511,"href":"https:\/\/www.feuerwehr-burgau.de\/index.php\/wp-json\/wp\/v2\/pages\/377\/revisions\/4511"}],"up":[{"embeddable":true,"href":"https:\/\/www.feuerwehr-burgau.de\/index.php\/wp-json\/wp\/v2\/pages\/461"}],"wp:attachment":[{"href":"https:\/\/www.feuerwehr-burgau.de\/index.php\/wp-json\/wp\/v2\/media?parent=377"}],"curies":[{"name":"wp","href":"https:\/\/api.w.org\/{rel}","templated":true}]}}