{"id":354,"date":"2018-11-29T17:03:33","date_gmt":"2018-11-29T16:03:33","guid":{"rendered":"https:\/\/www.feuerwehr-burgau.de\/wordpress\/?page_id=354"},"modified":"2025-08-09T12:47:32","modified_gmt":"2025-08-09T10:47:32","slug":"hlf1","status":"publish","type":"page","link":"https:\/\/www.feuerwehr-burgau.de\/index.php\/ausruestung\/fahrzeuge\/hlf1\/","title":{"rendered":"Hilfeleistungsl\u00f6schgruppenfahrzeug 1"},"content":{"rendered":"<div id=\"metaslider-id-4875\" style=\"width: 100%; margin: 0 auto;\" class=\"ml-slider-3-108-0 metaslider metaslider-flex metaslider-4875 ml-slider has-dots-nav ms-theme-default-base\" role=\"region\" aria-label=\"HLF 1\" data-height=\"300\" data-width=\"700\">\n    <div id=\"metaslider_container_4875\">\n        <div id=\"metaslider_4875\">\n            <ul class='slides'>\n                <li style=\"display: block; width: 100%;\" class=\"slide-4876 ms-image \" aria-roledescription=\"slide\" data-date=\"2025-08-09 12:33:13\" data-filename=\"IMG_20250809_114029934_HDR_AE-scaled.jpg\" data-slide-type=\"image\"><img loading=\"lazy\" decoding=\"async\" width=\"2560\" height=\"1920\" src=\"https:\/\/www.feuerwehr-burgau.de\/wp-content\/uploads\/2025\/08\/IMG_20250809_114029934_HDR_AE-scaled.jpg\" class=\"slider-4875 slide-4876 msDefaultImage\" alt=\"\" rel=\"\" title=\"IMG_20250809_114029934_HDR_AE\" srcset=\"https:\/\/www.feuerwehr-burgau.de\/wp-content\/uploads\/2025\/08\/IMG_20250809_114029934_HDR_AE-scaled.jpg 2560w, https:\/\/www.feuerwehr-burgau.de\/wp-content\/uploads\/2025\/08\/IMG_20250809_114029934_HDR_AE-300x225.jpg 300w, https:\/\/www.feuerwehr-burgau.de\/wp-content\/uploads\/2025\/08\/IMG_20250809_114029934_HDR_AE-1024x768.jpg 1024w, https:\/\/www.feuerwehr-burgau.de\/wp-content\/uploads\/2025\/08\/IMG_20250809_114029934_HDR_AE-768x576.jpg 768w, https:\/\/www.feuerwehr-burgau.de\/wp-content\/uploads\/2025\/08\/IMG_20250809_114029934_HDR_AE-1536x1152.jpg 1536w, https:\/\/www.feuerwehr-burgau.de\/wp-content\/uploads\/2025\/08\/IMG_20250809_114029934_HDR_AE-2048x1536.jpg 2048w\" sizes=\"auto, (max-width: 2560px) 100vw, 2560px\" \/><\/li>\n                <li style=\"display: none; width: 100%;\" class=\"slide-4877 ms-image \" aria-roledescription=\"slide\" data-date=\"2025-08-09 12:34:56\" data-filename=\"IMG_20250809_114043869_HDR_AE-scaled.jpg\" data-slide-type=\"image\"><img loading=\"lazy\" decoding=\"async\" width=\"2560\" height=\"1920\" src=\"https:\/\/www.feuerwehr-burgau.de\/wp-content\/uploads\/2025\/08\/IMG_20250809_114043869_HDR_AE-scaled.jpg\" class=\"slider-4875 slide-4877 msDefaultImage\" alt=\"\" rel=\"\" title=\"IMG_20250809_114043869_HDR_AE\" srcset=\"https:\/\/www.feuerwehr-burgau.de\/wp-content\/uploads\/2025\/08\/IMG_20250809_114043869_HDR_AE-scaled.jpg 2560w, https:\/\/www.feuerwehr-burgau.de\/wp-content\/uploads\/2025\/08\/IMG_20250809_114043869_HDR_AE-300x225.jpg 300w, https:\/\/www.feuerwehr-burgau.de\/wp-content\/uploads\/2025\/08\/IMG_20250809_114043869_HDR_AE-1024x768.jpg 1024w, https:\/\/www.feuerwehr-burgau.de\/wp-content\/uploads\/2025\/08\/IMG_20250809_114043869_HDR_AE-768x576.jpg 768w, https:\/\/www.feuerwehr-burgau.de\/wp-content\/uploads\/2025\/08\/IMG_20250809_114043869_HDR_AE-1536x1152.jpg 1536w, https:\/\/www.feuerwehr-burgau.de\/wp-content\/uploads\/2025\/08\/IMG_20250809_114043869_HDR_AE-2048x1536.jpg 2048w\" sizes=\"auto, (max-width: 2560px) 100vw, 2560px\" \/><\/li>\n                <li style=\"display: none; width: 100%;\" class=\"slide-4878 ms-image \" aria-roledescription=\"slide\" data-date=\"2025-08-09 12:35:09\" data-filename=\"IMG_20250809_114056558_HDR_AE-scaled.jpg\" data-slide-type=\"image\"><img loading=\"lazy\" decoding=\"async\" width=\"2560\" height=\"1920\" src=\"https:\/\/www.feuerwehr-burgau.de\/wp-content\/uploads\/2025\/08\/IMG_20250809_114056558_HDR_AE-scaled.jpg\" class=\"slider-4875 slide-4878 msDefaultImage\" alt=\"\" rel=\"\" title=\"IMG_20250809_114056558_HDR_AE\" srcset=\"https:\/\/www.feuerwehr-burgau.de\/wp-content\/uploads\/2025\/08\/IMG_20250809_114056558_HDR_AE-scaled.jpg 2560w, https:\/\/www.feuerwehr-burgau.de\/wp-content\/uploads\/2025\/08\/IMG_20250809_114056558_HDR_AE-300x225.jpg 300w, https:\/\/www.feuerwehr-burgau.de\/wp-content\/uploads\/2025\/08\/IMG_20250809_114056558_HDR_AE-1024x768.jpg 1024w, https:\/\/www.feuerwehr-burgau.de\/wp-content\/uploads\/2025\/08\/IMG_20250809_114056558_HDR_AE-768x576.jpg 768w, https:\/\/www.feuerwehr-burgau.de\/wp-content\/uploads\/2025\/08\/IMG_20250809_114056558_HDR_AE-1536x1152.jpg 1536w, https:\/\/www.feuerwehr-burgau.de\/wp-content\/uploads\/2025\/08\/IMG_20250809_114056558_HDR_AE-2048x1536.jpg 2048w\" sizes=\"auto, (max-width: 2560px) 100vw, 2560px\" \/><\/li>\n                <li style=\"display: none; width: 100%;\" class=\"slide-4879 ms-image \" aria-roledescription=\"slide\" data-date=\"2025-08-09 12:35:26\" data-filename=\"IMG_20250809_114120719_HDR_AE-scaled.jpg\" data-slide-type=\"image\"><img loading=\"lazy\" decoding=\"async\" width=\"2560\" height=\"1920\" src=\"https:\/\/www.feuerwehr-burgau.de\/wp-content\/uploads\/2025\/08\/IMG_20250809_114120719_HDR_AE-scaled.jpg\" class=\"slider-4875 slide-4879 msDefaultImage\" alt=\"\" rel=\"\" title=\"IMG_20250809_114120719_HDR_AE\" srcset=\"https:\/\/www.feuerwehr-burgau.de\/wp-content\/uploads\/2025\/08\/IMG_20250809_114120719_HDR_AE-scaled.jpg 2560w, https:\/\/www.feuerwehr-burgau.de\/wp-content\/uploads\/2025\/08\/IMG_20250809_114120719_HDR_AE-300x225.jpg 300w, https:\/\/www.feuerwehr-burgau.de\/wp-content\/uploads\/2025\/08\/IMG_20250809_114120719_HDR_AE-1024x768.jpg 1024w, https:\/\/www.feuerwehr-burgau.de\/wp-content\/uploads\/2025\/08\/IMG_20250809_114120719_HDR_AE-768x576.jpg 768w, https:\/\/www.feuerwehr-burgau.de\/wp-content\/uploads\/2025\/08\/IMG_20250809_114120719_HDR_AE-1536x1152.jpg 1536w, https:\/\/www.feuerwehr-burgau.de\/wp-content\/uploads\/2025\/08\/IMG_20250809_114120719_HDR_AE-2048x1536.jpg 2048w\" sizes=\"auto, (max-width: 2560px) 100vw, 2560px\" \/><\/li>\n                <li style=\"display: none; width: 100%;\" class=\"slide-4880 ms-image \" aria-roledescription=\"slide\" data-date=\"2025-08-09 12:35:41\" data-filename=\"IMG_20250809_114228232_HDR_AE-scaled.jpg\" data-slide-type=\"image\"><img loading=\"lazy\" decoding=\"async\" width=\"2560\" height=\"1920\" src=\"https:\/\/www.feuerwehr-burgau.de\/wp-content\/uploads\/2025\/08\/IMG_20250809_114228232_HDR_AE-scaled.jpg\" class=\"slider-4875 slide-4880 msDefaultImage\" alt=\"\" rel=\"\" title=\"IMG_20250809_114228232_HDR_AE\" srcset=\"https:\/\/www.feuerwehr-burgau.de\/wp-content\/uploads\/2025\/08\/IMG_20250809_114228232_HDR_AE-scaled.jpg 2560w, https:\/\/www.feuerwehr-burgau.de\/wp-content\/uploads\/2025\/08\/IMG_20250809_114228232_HDR_AE-300x225.jpg 300w, https:\/\/www.feuerwehr-burgau.de\/wp-content\/uploads\/2025\/08\/IMG_20250809_114228232_HDR_AE-1024x768.jpg 1024w, https:\/\/www.feuerwehr-burgau.de\/wp-content\/uploads\/2025\/08\/IMG_20250809_114228232_HDR_AE-768x576.jpg 768w, https:\/\/www.feuerwehr-burgau.de\/wp-content\/uploads\/2025\/08\/IMG_20250809_114228232_HDR_AE-1536x1152.jpg 1536w, https:\/\/www.feuerwehr-burgau.de\/wp-content\/uploads\/2025\/08\/IMG_20250809_114228232_HDR_AE-2048x1536.jpg 2048w\" sizes=\"auto, (max-width: 2560px) 100vw, 2560px\" \/><\/li>\n                <li style=\"display: none; width: 100%;\" class=\"slide-4881 ms-image \" aria-roledescription=\"slide\" data-date=\"2025-08-09 12:35:56\" data-filename=\"IMG_20250809_114517230_HDR_AE-scaled.jpg\" data-slide-type=\"image\"><img loading=\"lazy\" decoding=\"async\" width=\"2560\" height=\"1920\" src=\"https:\/\/www.feuerwehr-burgau.de\/wp-content\/uploads\/2025\/08\/IMG_20250809_114517230_HDR_AE-scaled.jpg\" class=\"slider-4875 slide-4881 msDefaultImage\" alt=\"\" rel=\"\" title=\"IMG_20250809_114517230_HDR_AE\" srcset=\"https:\/\/www.feuerwehr-burgau.de\/wp-content\/uploads\/2025\/08\/IMG_20250809_114517230_HDR_AE-scaled.jpg 2560w, https:\/\/www.feuerwehr-burgau.de\/wp-content\/uploads\/2025\/08\/IMG_20250809_114517230_HDR_AE-300x225.jpg 300w, https:\/\/www.feuerwehr-burgau.de\/wp-content\/uploads\/2025\/08\/IMG_20250809_114517230_HDR_AE-1024x768.jpg 1024w, https:\/\/www.feuerwehr-burgau.de\/wp-content\/uploads\/2025\/08\/IMG_20250809_114517230_HDR_AE-768x576.jpg 768w, https:\/\/www.feuerwehr-burgau.de\/wp-content\/uploads\/2025\/08\/IMG_20250809_114517230_HDR_AE-1536x1152.jpg 1536w, https:\/\/www.feuerwehr-burgau.de\/wp-content\/uploads\/2025\/08\/IMG_20250809_114517230_HDR_AE-2048x1536.jpg 2048w\" sizes=\"auto, (max-width: 2560px) 100vw, 2560px\" \/><\/li>\n                <li style=\"display: none; width: 100%;\" class=\"slide-4882 ms-image \" aria-roledescription=\"slide\" data-date=\"2025-08-09 12:36:24\" data-filename=\"IMG_20250809_114559601_HDR_AE-scaled.jpg\" data-slide-type=\"image\"><img loading=\"lazy\" decoding=\"async\" width=\"2560\" height=\"1920\" src=\"https:\/\/www.feuerwehr-burgau.de\/wp-content\/uploads\/2025\/08\/IMG_20250809_114559601_HDR_AE-scaled.jpg\" class=\"slider-4875 slide-4882 msDefaultImage\" alt=\"\" rel=\"\" title=\"IMG_20250809_114559601_HDR_AE\" srcset=\"https:\/\/www.feuerwehr-burgau.de\/wp-content\/uploads\/2025\/08\/IMG_20250809_114559601_HDR_AE-scaled.jpg 2560w, https:\/\/www.feuerwehr-burgau.de\/wp-content\/uploads\/2025\/08\/IMG_20250809_114559601_HDR_AE-300x225.jpg 300w, https:\/\/www.feuerwehr-burgau.de\/wp-content\/uploads\/2025\/08\/IMG_20250809_114559601_HDR_AE-1024x768.jpg 1024w, https:\/\/www.feuerwehr-burgau.de\/wp-content\/uploads\/2025\/08\/IMG_20250809_114559601_HDR_AE-768x576.jpg 768w, https:\/\/www.feuerwehr-burgau.de\/wp-content\/uploads\/2025\/08\/IMG_20250809_114559601_HDR_AE-1536x1152.jpg 1536w, https:\/\/www.feuerwehr-burgau.de\/wp-content\/uploads\/2025\/08\/IMG_20250809_114559601_HDR_AE-2048x1536.jpg 2048w\" sizes=\"auto, (max-width: 2560px) 100vw, 2560px\" \/><\/li>\n                <li style=\"display: none; width: 100%;\" class=\"slide-4883 ms-image \" aria-roledescription=\"slide\" data-date=\"2025-08-09 12:36:43\" data-filename=\"IMG_20250809_114401961_HDR_AE-scaled.jpg\" data-slide-type=\"image\"><img loading=\"lazy\" decoding=\"async\" width=\"2560\" height=\"1920\" src=\"https:\/\/www.feuerwehr-burgau.de\/wp-content\/uploads\/2025\/08\/IMG_20250809_114401961_HDR_AE-scaled.jpg\" class=\"slider-4875 slide-4883 msDefaultImage\" alt=\"\" rel=\"\" title=\"IMG_20250809_114401961_HDR_AE\" srcset=\"https:\/\/www.feuerwehr-burgau.de\/wp-content\/uploads\/2025\/08\/IMG_20250809_114401961_HDR_AE-scaled.jpg 2560w, https:\/\/www.feuerwehr-burgau.de\/wp-content\/uploads\/2025\/08\/IMG_20250809_114401961_HDR_AE-300x225.jpg 300w, https:\/\/www.feuerwehr-burgau.de\/wp-content\/uploads\/2025\/08\/IMG_20250809_114401961_HDR_AE-1024x768.jpg 1024w, https:\/\/www.feuerwehr-burgau.de\/wp-content\/uploads\/2025\/08\/IMG_20250809_114401961_HDR_AE-768x576.jpg 768w, https:\/\/www.feuerwehr-burgau.de\/wp-content\/uploads\/2025\/08\/IMG_20250809_114401961_HDR_AE-1536x1152.jpg 1536w, https:\/\/www.feuerwehr-burgau.de\/wp-content\/uploads\/2025\/08\/IMG_20250809_114401961_HDR_AE-2048x1536.jpg 2048w\" sizes=\"auto, (max-width: 2560px) 100vw, 2560px\" \/><\/li>\n                <li style=\"display: none; width: 100%;\" class=\"slide-4884 ms-image \" aria-roledescription=\"slide\" data-date=\"2025-08-09 12:36:55\" data-filename=\"IMG_20250809_114413274_HDR_AE-scaled.jpg\" data-slide-type=\"image\"><img loading=\"lazy\" decoding=\"async\" width=\"2560\" height=\"1920\" src=\"https:\/\/www.feuerwehr-burgau.de\/wp-content\/uploads\/2025\/08\/IMG_20250809_114413274_HDR_AE-scaled.jpg\" class=\"slider-4875 slide-4884 msDefaultImage\" alt=\"\" rel=\"\" title=\"IMG_20250809_114413274_HDR_AE\" srcset=\"https:\/\/www.feuerwehr-burgau.de\/wp-content\/uploads\/2025\/08\/IMG_20250809_114413274_HDR_AE-scaled.jpg 2560w, https:\/\/www.feuerwehr-burgau.de\/wp-content\/uploads\/2025\/08\/IMG_20250809_114413274_HDR_AE-300x225.jpg 300w, https:\/\/www.feuerwehr-burgau.de\/wp-content\/uploads\/2025\/08\/IMG_20250809_114413274_HDR_AE-1024x768.jpg 1024w, https:\/\/www.feuerwehr-burgau.de\/wp-content\/uploads\/2025\/08\/IMG_20250809_114413274_HDR_AE-768x576.jpg 768w, https:\/\/www.feuerwehr-burgau.de\/wp-content\/uploads\/2025\/08\/IMG_20250809_114413274_HDR_AE-1536x1152.jpg 1536w, https:\/\/www.feuerwehr-burgau.de\/wp-content\/uploads\/2025\/08\/IMG_20250809_114413274_HDR_AE-2048x1536.jpg 2048w\" sizes=\"auto, (max-width: 2560px) 100vw, 2560px\" \/><\/li>\n                <li style=\"display: none; width: 100%;\" class=\"slide-4885 ms-image \" aria-roledescription=\"slide\" data-date=\"2025-08-09 12:37:10\" data-filename=\"IMG_20250809_114910411_HDR_AE-scaled.jpg\" data-slide-type=\"image\"><img loading=\"lazy\" decoding=\"async\" width=\"2560\" height=\"1920\" src=\"https:\/\/www.feuerwehr-burgau.de\/wp-content\/uploads\/2025\/08\/IMG_20250809_114910411_HDR_AE-scaled.jpg\" class=\"slider-4875 slide-4885 msDefaultImage\" alt=\"\" rel=\"\" title=\"IMG_20250809_114910411_HDR_AE\" srcset=\"https:\/\/www.feuerwehr-burgau.de\/wp-content\/uploads\/2025\/08\/IMG_20250809_114910411_HDR_AE-scaled.jpg 2560w, https:\/\/www.feuerwehr-burgau.de\/wp-content\/uploads\/2025\/08\/IMG_20250809_114910411_HDR_AE-300x225.jpg 300w, https:\/\/www.feuerwehr-burgau.de\/wp-content\/uploads\/2025\/08\/IMG_20250809_114910411_HDR_AE-1024x768.jpg 1024w, https:\/\/www.feuerwehr-burgau.de\/wp-content\/uploads\/2025\/08\/IMG_20250809_114910411_HDR_AE-768x576.jpg 768w, https:\/\/www.feuerwehr-burgau.de\/wp-content\/uploads\/2025\/08\/IMG_20250809_114910411_HDR_AE-1536x1152.jpg 1536w, https:\/\/www.feuerwehr-burgau.de\/wp-content\/uploads\/2025\/08\/IMG_20250809_114910411_HDR_AE-2048x1536.jpg 2048w\" sizes=\"auto, (max-width: 2560px) 100vw, 2560px\" \/><\/li>\n            <\/ul>\n        <\/div>\n        \n    <\/div>\n<\/div>\n\n\n<span id=\"tablepress-9-description\" class=\"tablepress-table-description tablepress-table-description-id-9\">Dieses Fahrzeug kann zu Brandeins\u00e4tzen und zur technischen Hilfeleistung alarmiert werden, es r\u00fcckt bei uns vorrangig zu THL-Eins\u00e4tzen aus.<\/span>\n\n<table id=\"tablepress-9\" class=\"tablepress tablepress-id-9\" aria-describedby=\"tablepress-9-description\">\n<tbody>\n<tr class=\"row-1\">\n\t<td class=\"column-1\">Funkrufname<\/td><td class=\"column-2\">Florian Burgau 1\/40\/1<\/td>\n<\/tr>\n<tr class=\"row-2\">\n\t<td class=\"column-1\">Abk\u00fcrzung<\/td><td class=\"column-2\">HLF 20<\/td>\n<\/tr>\n<tr class=\"row-3\">\n\t<td class=\"column-1\">Baujahr<\/td><td class=\"column-2\">2024<\/td>\n<\/tr>\n<tr class=\"row-4\">\n\t<td class=\"column-1\">Besatzung<\/td><td class=\"column-2\">1\/8<\/td>\n<\/tr>\n<tr class=\"row-5\">\n\t<td class=\"column-1\">Fahrgestell<\/td><td class=\"column-2\">Mercedes-Benz Atego 1630 \/ 299 PS<\/td>\n<\/tr>\n<tr class=\"row-6\">\n\t<td class=\"column-1\">Aufbau\/Ausbau<\/td><td class=\"column-2\">BAI<\/td>\n<\/tr>\n<tr class=\"row-7\">\n\t<td class=\"column-1\">Beladung\/Spezifikationen<\/td><td class=\"column-2\">4x HRT Funkger\u00e4te<br \/>\nHydraul. Rettungssatz Fa. Holmatro<br \/>\n3x Rettungszylinder<br \/>\nHebekissen<br \/>\nStabFast-System<br \/>\nLKW-Rettungsb\u00fchne<br \/>\nMotors\u00e4ge<br \/>\nS\u00e4bels\u00e4ge<br \/>\nGreifzug<br \/>\nStromerzeuger <br \/>\nLichtmast<br \/>\n4x Atemschutzger\u00e4te<br \/>\nChemieschutzanz\u00fcge<br \/>\nNotfallrucksack<br \/>\nSpine-Board<br \/>\n\u00dcberdruckl\u00fcfter<br \/>\nMicroCAFS<br \/>\nWassertank 2000 l<br \/>\nSchaummitteltank 200 l<br \/>\nSchaumzumischung<br \/>\ndiv. Schlauchmaterial<br \/>\ndiv. Werkzeug<br \/>\nSchlauchhaspel<br \/>\nVerkehrshaspel<\/td>\n<\/tr>\n<\/tbody>\n<\/table>\n<!-- #tablepress-9 from cache -->\n","protected":false},"excerpt":{"rendered":"","protected":false},"author":2,"featured_media":0,"parent":36,"menu_order":0,"comment_status":"closed","ping_status":"closed","template":"","meta":{"colormag_page_container_layout":"no_sidebar_full_width","colormag_page_sidebar_layout":"right_sidebar","footnotes":""},"class_list":["post-354","page","type-page","status-publish","hentry"],"_links":{"self":[{"href":"https:\/\/www.feuerwehr-burgau.de\/index.php\/wp-json\/wp\/v2\/pages\/354","targetHints":{"allow":["GET"]}}],"collection":[{"href":"https:\/\/www.feuerwehr-burgau.de\/index.php\/wp-json\/wp\/v2\/pages"}],"about":[{"href":"https:\/\/www.feuerwehr-burgau.de\/index.php\/wp-json\/wp\/v2\/types\/page"}],"author":[{"embeddable":true,"href":"https:\/\/www.feuerwehr-burgau.de\/index.php\/wp-json\/wp\/v2\/users\/2"}],"replies":[{"embeddable":true,"href":"https:\/\/www.feuerwehr-burgau.de\/index.php\/wp-json\/wp\/v2\/comments?post=354"}],"version-history":[{"count":6,"href":"https:\/\/www.feuerwehr-burgau.de\/index.php\/wp-json\/wp\/v2\/pages\/354\/revisions"}],"predecessor-version":[{"id":4897,"href":"https:\/\/www.feuerwehr-burgau.de\/index.php\/wp-json\/wp\/v2\/pages\/354\/revisions\/4897"}],"up":[{"embeddable":true,"href":"https:\/\/www.feuerwehr-burgau.de\/index.php\/wp-json\/wp\/v2\/pages\/36"}],"wp:attachment":[{"href":"https:\/\/www.feuerwehr-burgau.de\/index.php\/wp-json\/wp\/v2\/media?parent=354"}],"curies":[{"name":"wp","href":"https:\/\/api.w.org\/{rel}","templated":true}]}}