{"id":145,"date":"2018-11-21T08:10:43","date_gmt":"2018-11-21T07:10:43","guid":{"rendered":"https:\/\/www.feuerwehr-burgau.de\/wordpress\/?page_id=145"},"modified":"2023-10-23T11:46:16","modified_gmt":"2023-10-23T09:46:16","slug":"beitritt","status":"publish","type":"page","link":"https:\/\/www.feuerwehr-burgau.de\/index.php\/ueber-uns\/beitritt\/","title":{"rendered":"Beitritt"},"content":{"rendered":"\n<figure class=\"wp-block-image aligncenter size-large\"><img loading=\"lazy\" decoding=\"async\" width=\"1024\" height=\"728\" src=\"https:\/\/www.feuerwehr-burgau.de\/wp-content\/uploads\/2023\/10\/team112.png__1440x0_q85_ALIAS-image_carousel_large_crop_subsampling-2_upscale-1024x728.jpg\" alt=\"\" class=\"wp-image-4012\" srcset=\"https:\/\/www.feuerwehr-burgau.de\/wp-content\/uploads\/2023\/10\/team112.png__1440x0_q85_ALIAS-image_carousel_large_crop_subsampling-2_upscale-1024x728.jpg 1024w, https:\/\/www.feuerwehr-burgau.de\/wp-content\/uploads\/2023\/10\/team112.png__1440x0_q85_ALIAS-image_carousel_large_crop_subsampling-2_upscale-300x213.jpg 300w, https:\/\/www.feuerwehr-burgau.de\/wp-content\/uploads\/2023\/10\/team112.png__1440x0_q85_ALIAS-image_carousel_large_crop_subsampling-2_upscale-768x546.jpg 768w, https:\/\/www.feuerwehr-burgau.de\/wp-content\/uploads\/2023\/10\/team112.png__1440x0_q85_ALIAS-image_carousel_large_crop_subsampling-2_upscale.jpg 1440w\" sizes=\"auto, (max-width: 1024px) 100vw, 1024px\" \/><\/figure>\n\n\n\n<p>Du m\u00f6chtest uns bei unseren T\u00e4tigkeiten unterst\u00fctzen? <br>Werde Teil unserer Feuerwehr! Wir treffen uns jeden Dienstag, ab 19 Uhr, zu einem Kameradschafts- oder \u00dcbungsabend, Du bist herzlich eingeladen uns unverbindlich zu besuchen. Die Kameradschaft kommt bei uns nat\u00fcrlich nicht zu kurz, daher gibt es abseits der \u00dcbungsabende ebenfalls diverse Veranstaltungen.<br>Das Feuerwehrhaus ist tags\u00fcber besetzt und unter der Telefonnummer 08222 \/ 1899 erreichbar, gerne kannst Du Dich hier informieren.<br>Alternativ kannst Du auch das unten stehende Kontaktformular nutzen, wir setzen uns dann in K\u00fcrze mit Dir in Verbindung.<br>Auf ein neues aktives Mitglied freut sich die Freiwillige Feuerwehr Burgau!<\/p>\n\n\n\n<figure class=\"wp-block-image aligncenter\"><img loading=\"lazy\" decoding=\"async\" width=\"1024\" height=\"683\" src=\"https:\/\/www.feuerwehr-burgau.de\/wp-content\/uploads\/2019\/02\/8E1A2442_1-1024x683.jpg\" alt=\"\" class=\"wp-image-2392\" srcset=\"https:\/\/www.feuerwehr-burgau.de\/wp-content\/uploads\/2019\/02\/8E1A2442_1-1024x683.jpg 1024w, https:\/\/www.feuerwehr-burgau.de\/wp-content\/uploads\/2019\/02\/8E1A2442_1-300x200.jpg 300w, https:\/\/www.feuerwehr-burgau.de\/wp-content\/uploads\/2019\/02\/8E1A2442_1-768x512.jpg 768w, https:\/\/www.feuerwehr-burgau.de\/wp-content\/uploads\/2019\/02\/8E1A2442_1-272x182.jpg 272w\" sizes=\"auto, (max-width: 1024px) 100vw, 1024px\" \/><\/figure>\n\n\n<div class=\"wpforms-container wpforms-container-full\" id=\"wpforms-695\"><form id=\"wpforms-form-695\" class=\"wpforms-validate wpforms-form\" data-formid=\"695\" method=\"post\" enctype=\"multipart\/form-data\" action=\"\/index.php\/wp-json\/wp\/v2\/pages\/145\" data-token=\"c1160c08a51f57e51ba9e3892111ce30\" data-token-time=\"1776233816\"><noscript class=\"wpforms-error-noscript\">Bitte aktiviere JavaScript in deinem Browser, um dieses Formular fertigzustellen.<\/noscript><div class=\"wpforms-field-container\"><div id=\"wpforms-695-field_0-container\" class=\"wpforms-field wpforms-field-name\" data-field-id=\"0\"><label class=\"wpforms-field-label\" for=\"wpforms-695-field_0\">Name <span class=\"wpforms-required-label\">*<\/span><\/label><div class=\"wpforms-field-row wpforms-field-medium\"><div class=\"wpforms-field-row-block wpforms-first wpforms-one-half\"><input type=\"text\" id=\"wpforms-695-field_0\" class=\"wpforms-field-name-first wpforms-field-required\" name=\"wpforms[fields][0][first]\" placeholder=\"Vorname\" required><label for=\"wpforms-695-field_0\" class=\"wpforms-field-sublabel after wpforms-sublabel-hide\">Vorname<\/label><\/div><div class=\"wpforms-field-row-block wpforms-one-half\"><input type=\"text\" id=\"wpforms-695-field_0-last\" class=\"wpforms-field-name-last wpforms-field-required\" name=\"wpforms[fields][0][last]\" placeholder=\"Nachname\" required><label for=\"wpforms-695-field_0-last\" class=\"wpforms-field-sublabel after wpforms-sublabel-hide\">Nachname<\/label><\/div><\/div><\/div><div id=\"wpforms-695-field_3-container\" class=\"wpforms-field wpforms-field-text\" data-field-id=\"3\"><label class=\"wpforms-field-label\" for=\"wpforms-695-field_3\">Telefon \/ Handy<\/label><input type=\"text\" id=\"wpforms-695-field_3\" class=\"wpforms-field-medium\" name=\"wpforms[fields][3]\" ><div class=\"wpforms-field-description\">optionale Eingabe<\/div><\/div><div id=\"wpforms-695-field_1-container\" class=\"wpforms-field wpforms-field-email\" data-field-id=\"1\"><label class=\"wpforms-field-label\" for=\"wpforms-695-field_1\">E-Mail <span class=\"wpforms-required-label\">*<\/span><\/label><input type=\"email\" id=\"wpforms-695-field_1\" class=\"wpforms-field-medium wpforms-field-required\" name=\"wpforms[fields][1]\" spellcheck=\"false\" required><\/div><div id=\"wpforms-695-field_2-container\" class=\"wpforms-field wpforms-field-textarea\" data-field-id=\"2\"><label class=\"wpforms-field-label\" for=\"wpforms-695-field_2\">Nachricht an uns <span class=\"wpforms-required-label\">*<\/span><\/label><textarea id=\"wpforms-695-field_2\" class=\"wpforms-field-medium wpforms-field-required\" name=\"wpforms[fields][2]\" required><\/textarea><\/div><\/div><!-- .wpforms-field-container --><div class=\"wpforms-field wpforms-field-hp\"><label for=\"wpforms-695-field-hp\" class=\"wpforms-field-label\">Phone<\/label><input type=\"text\" name=\"wpforms[hp]\" id=\"wpforms-695-field-hp\" class=\"wpforms-field-medium\"><\/div><div class=\"wpforms-submit-container\" ><input type=\"hidden\" name=\"wpforms[id]\" value=\"695\"><input type=\"hidden\" name=\"page_title\" value=\"\"><input type=\"hidden\" name=\"page_url\" value=\"https:\/\/www.feuerwehr-burgau.de\/index.php\/wp-json\/wp\/v2\/pages\/145\"><input type=\"hidden\" name=\"url_referer\" value=\"\"><button type=\"submit\" name=\"wpforms[submit]\" id=\"wpforms-submit-695\" class=\"wpforms-submit\" data-alt-text=\"Sende...\" data-submit-text=\"Senden\" aria-live=\"assertive\" value=\"wpforms-submit\">Senden<\/button><\/div><\/form><\/div>  <!-- .wpforms-container -->\n\n\n\n<p><\/p>\n","protected":false},"excerpt":{"rendered":"<p>Du m\u00f6chtest uns bei unseren T\u00e4tigkeiten unterst\u00fctzen? Werde Teil unserer Feuerwehr! Wir treffen uns jeden Dienstag, ab 19 Uhr, zu<\/p>\n","protected":false},"author":2,"featured_media":0,"parent":63,"menu_order":0,"comment_status":"closed","ping_status":"closed","template":"","meta":{"colormag_page_container_layout":"no_sidebar_full_width","colormag_page_sidebar_layout":"no_sidebar","footnotes":""},"class_list":["post-145","page","type-page","status-publish","hentry"],"_links":{"self":[{"href":"https:\/\/www.feuerwehr-burgau.de\/index.php\/wp-json\/wp\/v2\/pages\/145","targetHints":{"allow":["GET"]}}],"collection":[{"href":"https:\/\/www.feuerwehr-burgau.de\/index.php\/wp-json\/wp\/v2\/pages"}],"about":[{"href":"https:\/\/www.feuerwehr-burgau.de\/index.php\/wp-json\/wp\/v2\/types\/page"}],"author":[{"embeddable":true,"href":"https:\/\/www.feuerwehr-burgau.de\/index.php\/wp-json\/wp\/v2\/users\/2"}],"replies":[{"embeddable":true,"href":"https:\/\/www.feuerwehr-burgau.de\/index.php\/wp-json\/wp\/v2\/comments?post=145"}],"version-history":[{"count":15,"href":"https:\/\/www.feuerwehr-burgau.de\/index.php\/wp-json\/wp\/v2\/pages\/145\/revisions"}],"predecessor-version":[{"id":4015,"href":"https:\/\/www.feuerwehr-burgau.de\/index.php\/wp-json\/wp\/v2\/pages\/145\/revisions\/4015"}],"up":[{"embeddable":true,"href":"https:\/\/www.feuerwehr-burgau.de\/index.php\/wp-json\/wp\/v2\/pages\/63"}],"wp:attachment":[{"href":"https:\/\/www.feuerwehr-burgau.de\/index.php\/wp-json\/wp\/v2\/media?parent=145"}],"curies":[{"name":"wp","href":"https:\/\/api.w.org\/{rel}","templated":true}]}}